585a72
1080683 (base 10) to base 3
2000220102022
What is 112011020212201 (base 3) in base 10?
7523920
-4db49 (base 16) to base 3
-121011121012
What is 353045 (base 16) in base 15?
48cc45
Convert -4432028 (base 11) to base 5.
-3442331223
What is -21403042 (base 6) in base 5?
-130411211
Convert 5a4a0 (base 11) to base 9.
142437
What is -2a7fd5 (base 16) in base 3?
-12020111121221
Convert -12c14 (base 13) to base 16.
-88b8
7467055 (base 11) to base 5
11331023404
What is 8c0b (base 16) in base 15?
a951
Convert -494ba8 (base 13) to base 15.
-249621
Convert 431121414 (base 5) to base 10.
1817109
What is 547643 (base 8) in base 9?
310636
Convert 419144 (base 10) to base 6.
12552252
1661346 (base 7) to base 13
82326
Convert -273951 (base 10) to base 16.
-42e1f
Convert 127506 (base 13) to base 11.
284083
What is 11220211121 (base 3) in base 5?
11044323
What is 22320201 (base 5) in base 13?
6c284
What is 1011001111100100010100 (base 2) in base 8?
13174424
What is -51543 (base 13) in base 6?
-3043250
Convert -23411144 (base 5) to base 9.
-358781
What is 599d97 (base 14) in base 10?
3062241
Convert 10023330013 (base 4) to base 3.
2001202110101
What is 112ee (base 15) in base 2?
1101010110010010
223033 (base 7) to base 16
9a2d
33212123 (base 5) to base 13
a1378
120111122 (base 4) to base 14
28478
What is 5f3f65 (base 16) in base 5?
3044222044
11200210110 (base 3) to base 2
10110100100010001
Convert 6b015 (base 12) to base 11.
98851
528024a (base 11) to base 2
100011011101110110110011
What is -b11862 (base 14) in base 3?
-102012202001012
Convert 39745 (base 11) to base 5.
3304143
What is 55aa (base 16) in base 2?
101010110101010
b8b0 (base 15) to base 14
10362
Convert -16492297 (base 10) to base 13.
-3555973
Convert -11222021112122 (base 3) to base 5.
-1134034040
What is -402231203 (base 5) in base 2?
-110000111001000000101
What is 11011100100010011 (base 2) in base 8?
334423
What is 234474 (base 8) in base 13?
2a664
Convert 143323 (base 6) to base 10.
13731
3bb60a (base 12) to base 2
11110010110010101010
Convert -12244120 (base 5) to base 10.
-118660
What is 1012011022 (base 3) in base 10?
23444
Convert 8694142 (base 10) to base 4.
201022211332
What is -12110000000 (base 4) in base 10?
-1654784
Convert -1321624 (base 8) to base 9.
-622837
Convert -169719 (base 14) to base 8.
-3017453
What is 501257 (base 8) in base 5?
20231102
Convert -6006557 (base 8) to base 15.
-2120bd
What is 6749 (base 14) in base 7?
103122
Convert 3102231231 (base 4) to base 3.
1121211221010
-1206585 (base 10) to base 11
-754586
What is -112111333 (base 4) in base 13?
-3286c
Convert -313011 (base 4) to base 10.
-3525
522db (base 16) to base 3
122002201210
What is -410521 (base 7) in base 14?
-1b681
9c919b (base 13) to base 16
388677
-442133410 (base 5) to base 4
-13102232302
What is -209401 (base 10) in base 9?
-348217
What is -110000000111101000111000 (base 2) in base 3?
-212201212102121
-271283 (base 10) to base 12
-110bab
Convert 13333214 (base 6) to base 5.
103312400
What is -5406736 (base 8) in base 11?
-8a79a8
-13132222132 (base 4) to base 13
-53852b
What is 119276 (base 11) in base 6?
4010204
-592436 (base 11) to base 6
-32052453
Convert 1635104 (base 7) to base 16.
37886
1ac95 (base 14) to base 6
1244215
What is 307441 (base 11) in base 2?
1111000010111000111
What is 678c14 (base 15) in base 2?
10010110110001000111000
What is -6ca9a9 (base 15) in base 10?
-5199684
Convert 1341266 (base 7) to base 14.
48cdd
What is -131231003332 (base 4) in base 5?
-3443134000
Convert 11101100001011010000 (base 2) to base 16.
ec2d0
Convert 3174c5 (base 14) to base 4.
12120031311
Convert 1571356 (base 8) to base 6.
13432210
16b8 (base 15) to base 9
6642
1dae0 (base 15) to base 12
48140
What is 11141517 (base 8) in base 15?
328cea
Convert -141052 (base 6) to base 2.
-11001110011000
What is -894362 (base 15) in base 5?
-3133414032
Convert 31454610 (base 7) to base 5.
1140403214
What is -11322003232 (base 4) in base 3?
-2220200011211
What is 32033121 (base 4) in base 12?
29909
Convert 2112220212102 (base 3) to base 11.
847238
What is -2403451 (base 6) in base 16?
-1e937
Convert -2252651 (base 7) to base 6.
-10013125
Convert 18374146 (base 10) to base 9.
37514527
-2aa6713 (base 11) to base 16
-5101d9
Convert -831033 (base 9) to base 13.
-143424
What is 2222000341 (base 5) in base 13?
1018c95
What is -22020230033 (base 4) in base 11?
-1555300
Convert 241d9 (base 14) to base 11.
60298
-2535727 (base 9) to base 6
-45342211
1f8978 (base 16) to base 15
2ac5c3
Convert 284268 (base 11) to base 4.
1230213012
What is -1532422 (base 6) in base 12?
-44112
-81350 (base 9) to base 16
-d101
What is 11111111011 (base 3) in base 12?
43304
34323323 (base 5) to base 16
4b2fb
What is a033 (base 15) in base 5?
2040143
80352 (base 14) to base 6
10333512
What is -21003322 (base 5) in base 14?
-46b3b
-152314254 (base 6) to base 16
-30ccfa
Convert 21412041 (base 5) to base 14.
4b739
What is -1206d (base 15) in base 12?
-2931a
Convert -693a13 (base 14) to base 15.
-4ab8ec
Convert -4600430 (base 7) to base 12.
-23699b
Convert -4767255 (base 8) to base 14.
-2600a1
22121111101 (base 3) to base 10
169489
-1202110022122 (base 3) to base 12
-390682
Convert 10032311300 (base 4) to base 6.
35435532
517014 (base 9) to base 6
10324534
Convert 13c4b7 (base 13) to base 2.
1110110001101000110
-e4068 (base 16) to base 5
-214341432
What is -6384315 (base 10) in base 7?
-105160110
What is -450255031 (base 6) in base 4?
-133003213123
What is 102004 (base 9) in base 16?
ec5f
Convert -13154216 (base 9) to base 11.
-3720764
Convert 111010001110000000 (base 2) to base 9.
403100
Convert -3669ac (base 13) to base 12.
-52844a
Convert 60aa2 (base 14) to base 2.
111000110010010110
Convert -da834 (base 14) to base 4.
-2001001032
-6103181 (base 9) to base 13
-89a3ca
-3568d (base 14) to base 7
-1051536
Convert -133412322 (base 5) to base 8.
-2472431
Convert -345524b (base 12) to base 9.
-20841785
-133210222 (base 4) to base 11
-89186
What is 20235622 (base 7) in base 12?
695b74
Convert 254850 (base 9) to base 12.
75500
Convert -21201112222 (base 3) to base 8.
-450744
What is 7063046 (base 9) in base 6?
212343110
Convert 1603a (base 16) to base 13.
32072
What is 87d65 (base 15) in base 9?
727085
What is 420136 (base 7) in base 15?
16571
-1986755 (base 10) to base 5
-1002034010
What is 91ab34 (base 13) in base 6?
200425142
10b1a9 (base 12) to base 13
95061
Convert 12212201003 (base 4) to base 8.
6464103
9460 (base 10) to base 6
111444
-1032112 (base 5) to base 9
-26347
45225 (base 12) to base 14
256c5
cc972 (base 13) to base 15
74c90
What is -84e03 (base 15) in base 14?
-ad941
Convert 43473 (base 11) to base 12.
30641
50213241 (base 6) to base 7
15021664
Convert 1641d3 (base 14) to base 6.
24413341
1c6545 (base 16) to base 11
1061168
3365436 (base 7) to base 10
419712
What is 140203 (base 5) in base 12?
3352
14326250 (base 7) to base 15
1ba6d8
What is 1143aa9 (base 14) in base 6?
452232101
-101111001110001100 (base 2) to base 16
-2f38c
1110022002211 (base 3) to base 10
773545
Convert -13028837 (base 9) to base 11.
-367a11a
Convert 1337316 (base 8) to base 14.
9b30a
What is -103331010 (base 7) in base 15?
-81ec9c
What is -104a03 (base 11) in base 6?
-3331512
What is 1002100211210 (base 3) in base 15?
b63c3
-52995 (base 11) to base 4
-102310010
What is -221200112000 (base 3) in base 7?
-4203660
Convert 210bb02 (base 12) to base 8.
27636162
1041116 (base 11) to base 10
1831594
What is 2030201 (base 5) in base 13?
12140
Convert -101010010010010111 (base 2) to base 16.
-2a497
9030a (base 11) to base 12
6457a
What is 11101000011001001011 (base 2) in base 14?
1aac79
3259 (base 11) to base 13
1c59
Convert -1201313423 (base 5) to base 11.
-1615aa5
Convert -101330112030 (base 4) to base 3.
-22211222011110
Convert -1100111101011001110 (base 2) to base 13.
-11b399
Convert 10aa6a (base 14) to base 16.
8a816
Convert 415262 (base 7) to base 12.
35452
Convert 136714 (base 11) to base 4.
310030332
Convert 6e424 (base 16) to base 13.
12a740
What is -33322213111 (base 4) in base 8?
-17724725
What is 52533664 (base 7) in base 2?
10000111101010110110100
-3400167 (base 10) to base 12
-117b833
What is -2321463 (base 7) in base 8?
-1070441
What is 71601 (base 15) in base 